 Suppose -a = f + 4 - 0, 5*a - f + r = 0. What is j(a)?
-13
Suppose i + 2*i = -12. Let f(u) = 5*u**2 + 1477*u + u**3 + 1481*u - 2954*u. Determine f(i).
0
Let o(v) = -v**3 - v**2 + 5*v + 3. Suppose 3*f + g = -13, -3*f + 2*g - 6*g - 25 = 0. What is o(f)?
6
Let v(c) be the first derivative of 3*c**2/2 - 11*c - 42. What is v(4)?
1
Let z(i) = i**2 + 6*i + 1. Let d = -249 - -244. Calculate z(d).
-4
Let c be 5/20 - 19/(-4). Suppose -c = 11*x - 12*x. Let q(s) = s. Let k(o) = 3*o + 4. Let p(z) = k(z) - 4*q(z). What is p(x)?
-1
Suppose -10 = -n + 5*f, f = -2*f - 6. Let i(t) be the third derivative of -5/24*t**4 + 9*t**2 + t**3 - 1/60*t**5 + n*t + 0. Determine i(-6).
0
Let s(x) = -x + 7. Suppose -52 = -2*y + 16. Let q = -26 + y. Calculate s(q).
-1
Let q = -1014 + 1006. Let l(m) = -m**2 - 8*m - 4. Calculate l(q).
-4
Let u(t) = 0*t + 300 - 97 - 73 - 104 - 2*t. Give u(8).
10
Let y(a) = 3*a + 164. Let s(o) = -o - 87. Let k(i) = -11*s(i) - 6*y(i). Give k(-3).
-6
Let i(s) be the first derivative of s**4/2 - 14*s**3/3 + 6*s**2 + 2*s - 710. What is i(6)?
2
Let o(b) = 3*b**2 - 5*b + 9. Let j = 727 - 725. Give o(j).
11
Let x(q) = 2*q**2 + 2*q + 1. Let h be x(-3). Let m = 16 - h. Let l(i) = -5*i + m*i + 2*i - i - 3. Give l(0).
-3
Let g = 13 - 4. Let r(l) = -7*l**2 - g*l**2 + 11*l**2. Let x = 1 - 2. Give r(x).
-5
Let i(a) = a**2 + 4*a - 4. Let d = -2565 + 2561. Give i(d).
-4
Let r(t) = t**3 - 2*t. Let a be 13/52 + 118/8. Suppose 5*i - a = -5. Calculate r(i).
4
Let v(l) = l**3 - 5*l**2 - 6. Suppose h = -f + 3*h - 1, -3*f = 2*h - 21. Determine v(f).
-6
Let r(z) = -z**2 + 6*z + 3. Suppose 5*o - 58 + 28 = 0. Calculate r(o).
3
Let k(i) = 5*i. Suppose -9 - 9 = -6*r. Let v = 1 + -9. Let o(w) = 2*w. Let a(p) = r*k(p) + v*o(p). Determine a(-1).
1
Let a(z) be the second derivative of z**4/6 + 2*z**3/3 - 2*z**2 - 2*z - 4. Give a(3).
26
Let o = 308 - 306. Let v(m) = 6*m. Calculate v(o).
12
Let p(l) = l**3 - 4*l**2 - 14*l + 12. Let o be p(6). Suppose o = -t - 18 + 12. Let y(q) = q**2 + 6*q + 6. Determine y(t).
6
Let t(k) = k + 1. Let i(y) = -5*y. Let x(q) = i(q) + 6*t(q). Calculate x(-7).
-1
Let v be (7/14)/((-1)/(-8)). Suppose v*m + 0*l - l = 0, 0 = 3*l. Suppose 5*d - 10*d - 10 = m. Let j(h) = h**3 + 2*h**2 + h - 2. Calculate j(d).
-4
Let r be 8/6*144/16. Let o be (10 - r)*6/(-4). Suppose s = -o*s - 20. Let z(i) = -2*i. What is z(s)?
10
Let v(c) = c**2 - 9*c - 4. Let n(h) = h**2 - 9*h - 5. Let f(y) = 6*n(y) - 7*v(y). Suppose 2*k = -3*k + 2*r + 41, 4*k = -5*r + 46. Calculate f(k).
-2
Suppose c - 2*s + 8 = 4*c, 2*c = -5*s + 9. Let b(y) = 2*y - 5. Let f be b(8). Let w(l) = -9*l**2 + 3*l + 19*l**2 - f*l**2. Determine w(c).
2
Suppose -17 = -2*i - 7. Suppose -5*l = 3*p - 40 + 9, l + 4 = -4*p. Let b(t) = l - 19 - 2*t + 10. Determine b(i).
-11
Let u(y) = 2*y - y - 6*y**2 + 9*y - 1. Let s = -646 + 641. Let m(n) = n**2 - n. Let t(a) = s*m(a) - u(a). Calculate t(5).
1
Let i(u) = u**3 + 4*u**2 - 4*u - 3. Suppose 3*t + 5 + 4 = 0. Let p be (5 - 8)*1/t. Let d be (-17)/4 - p/(-4). Give i(d).
13
Let b(c) = 2*c**3 - 3*c**2 + 3*c - 1. Let y be b(3). Suppose -z + 3*d - 17 = 0, -2*z + d - y = 2*z. Let t(j) = j**3 + 9*j**2 + 9*j + 8. Determine t(z).
0
Let q(d) be the third derivative of -d**6/720 + 7*d**5/120 - 3*d**4/8 + 15*d**2. Let h(n) be the second derivative of q(n). Calculate h(5).
2
Let t = 3526 - 3532. Let u(w) = -w**3 + 8*w**2 - w - 1. Let c(k) = -3*k**3 + 17*k**2 - 2*k - 1. Let z(f) = -2*c(f) + 5*u(f). Calculate z(t).
3
Let s(d) = d**3 + 6*d**2 + 2*d. Let m = 129 + -135. What is s(m)?
-12
Let n be ((-2)/(-3))/(8/6). Let c(t) be the first derivative of t + 1/4*t**4 + 2/3*t**3 + 1 - n*t**2. Calculate c(-3).
-5
Let v be 1/(-2) + 2460/40. Let r(c) = 2*c - 62 + v - 3*c. Give r(1).
-2
Let l(n) be the first derivative of n**5/120 - n**4/6 + 3*n**3 + 9. Let z(h) be the third derivative of l(h). Give z(-4).
-8
Let c(k) be the first derivative of 8 - 1/2*k**2 - k + 4*k**3. Determine c(-1).
12
Let j(t) be the third derivative of -t**5/60 - t**4/3 - t**3/3 + t**2. Suppose -25*o - 4*o = 203. What is j(o)?
5
Let a(h) = -h**3 - 3*h**2 + 7*h + 6. Suppose -3*v = -5*w - 32, 3*w - 5*v = 4 - 36. Determine a(w).
-6
Suppose 0 = -153*r + 163*r - 10. Let b(m) = 5 - 4 + 0. Let v(t) = -t**3 - 5*t**2 + 4*t - 4. Let d(c) = r*v(c) - 2*b(c). Give d(-6).
6
Let i(n) = -10*n - 13. Let s(h) = 2*h + 2. Let r(a) = i(a) + 4*s(a). Let g be (2/4)/((-3)/30). Determine r(g).
5
Let f be 9 - ((0 - -1) + -1). Suppose -11 = u - f. Let r(b) be the third derivative of -b**5/60 - b**4/6 - b**3/2 + b**2. Calculate r(u).
1
Let l(b) = 4*b + 2. Let g(i) = -21*i - 9. Let d(a) = g(a) + 5*l(a). Give d(-8).
9
Let x(a) = -a**3 + 18*a**2 - 2*a + 20. Suppose 0 = 20*y + 3*y - 414. Calculate x(y).
-16
Let l(r) = r + 3. Let q(t) = -t - 15. Let k(c) = -3*l(c) - q(c). Suppose v - 14 = 2*x, 0*x - 2*x + 2*v = 16. Let z = 11 + x. Calculate k(z).
-4
Suppose -2*h - 5*h = -21. Let l(m) = -13*m**2 - 6*m**3 + 6*m + 5*m**2 + 5*m**h. Let a(s) = s**2 - s. Let t(n) = -6*a(n) - l(n). Determine t(-1).
1
Let j(p) = 7*p**3 - 8*p - 35. Let f(h) = -15*h**3 + 17*h + 71. Let m(g) = 6*f(g) + 13*j(g). Let d(t) be the first derivative of m(t). What is d(-3)?
25
Let k = 50 + -51. Let t(h) be the first derivative of -17*h**4/4 + h**3/3 + 1. Give t(k).
18
Let q(n) = 1 - 4 + 3 - 1 + n. Let l be 1/(10/(-8) - -1). Calculate q(l).
-5
Let z(s) = s**3 + 7*s**2 + 9*s + 1. Suppose -15*k - 33 = 57. Calculate z(k).
-17
Let m(h) = h**2 + h + 58. Suppose -2*d - 2*o - 27 + 37 = 0, o - 5 = 4*d. What is m(d)?
58
Let z(i) = i**2 + 2*i - 2. Suppose f - 4 = -3*s - 5, -5*s + 4*f = -4. Let q be s/8 - (0 + -3). Calculate z(q).
13
Let t(m) = -m - 6. Let j = 316 + -326. Give t(j).
4
Let p(f) be the third derivative of f**5/60 - f**4/4 - f**3/6 - 283*f**2. Determine p(3).
-10
Let k(r) = -20*r + 1 + 2 - 2 + 14*r. Give k(-4).
25
Let h(t) = -11*t**2 - 18*t - 6. Let x(j) = -2*j**2 - 2*j. Let k(d) = h(d) - 6*x(d). Calculate k(6).
-6
Let f(a) = a**3 - 7*a**2 + 8*a - 2. Let i be f(6). Let s(x) = 4 + 20*x - 18*x - i. Suppose 4*n - 7 = 17. Give s(n).
6
Suppose 2*v = -2*z - 2, -3*v + 3 = 2*v + 3*z. Let i(r) = 3*r**2 + 9 - 2*r**v - r - 3*r**3 - 5 + 6*r**3. Determine i(-4).
-8
Let f(o) be the third derivative of -9*o**2 + 1/4*o**4 + 0*o + 1/2*o**3 + 0 - 1/60*o**5. What is f(7)?
-4
Suppose -8*v = -5*v - 6. Let t(r) = r + 3*r - 5*r + v*r - 2*r**2. Suppose 1 = -4*m - 3. What is t(m)?
-3
Let k(f) = 4*f + 2. Let n(l) = 5*l + 2. Suppose -h = 1 - 3. Suppose -10 = 4*x + h. Let g(i) = x*k(i) + 2*n(i). What is g(-5)?
8
Suppose 44 = -3*q - q. Let o = 7 + q. Let z(h) = h**3 - h**2 + 5*h - 7. Let g(a) = 2*a**2 - a + 1. Let x(l) = 3*g(l) + z(l). Calculate x(o).
4
Suppose 8*o - 6 = 7*o. Let r(y) = -8*y - 7*y + 14*y - o. What is r(-4)?
-2
Let q(f) = -f. Let p(y) = -3*y + 8. Let v(t) = 4*t - 9. Let h(x) = 6*p(x) + 5*v(x). Let o(a) = h(a) + 3*q(a). Determine o(-3).
6
Let c(b) = 3*b + 2*b + b. Give c(-2).
-12
Let r = 30 - 28. Let x(t) = -r*t + t + 2*t. What is x(3)?
3
Let c(u) = 33*u - 5. Let y(d) = -65*d + 10. Let g(i) = 7*c(i) + 4*y(i). Calculate g(1).
-24
Let c(d) = -2*d**2 - 2*d - 5. Let n(u) = 26*u - 266. Let a be n(10). Calculate c(a).
-65
Let r(g) = 4*g + g - 4*g + 1 - g**2. Let v(s) = -5*s**2 + 4*s + 4. Let m(j) = 12*r(j) - 3*v(j). Determine m(1).
3
Let k be (-2 + 6)/(5/((-15)/(-3))). Suppose -5*r + 40 - 105 = 0. Let f be 3/(r/4 + k). Let n(h) = h**2 - 5*h + 2. What is n(f)?
-2
Suppose 3*h - 18 = 2*w, 4*h = 2*w + 8*h - 10. Let c(g) = -9*g + 4. Calculate c(w).
31
Let n = -13 - -15. Let a = n - 1. Let u(l) = -l + 1. Let g be u(a). Let s(x) = -x**2 - 7. Give s(g).
-7
Let m(h) = -5*h - 11. Let d(g) = -4*g - 10. Let j(n) = -4*d(n) + 3*m(n). Calculate j(-7).
0
Let z(j) = 20*j + 46. Let f(c) = -1. Let u(o) = -5*f(o) - z(o). Let d(l) = -7*l - 14. Let s(y) = 17*d(y) - 6*u(y). Calculate s(0).
8
Let f(l) = 5*l - 1. Let c be 2/2*4*(0 + 1). Suppose -2 = c*b + 6, -8 = -2*g + 3*b. Give f(g).
4
Suppose 19*y + 89 - 13 = 0. Let o(b) = -b + 1. Give o(y).
5
Let m(r) = 48 - 36 - 2*r - 4*r + 4*r. Calculate m(-13).
38
Let m(g) = -3*g. Let i(h) = -h**2 - h**3 - 5 + h - 4*h + 6*h**2. Let z be i(4). Let w be m(z). Let s(y) = y**3 - 3*y**2 + 2*y - 2. Calculate s(w).
4
Suppose -3*z - 36 + 0 = 0. Let l be (1/(1 + -4))/((-2)/z). Let n(r) = -12*r -